4 is divided by 253.
33
What is the remainder when 5949431 is divided by 72?
71
What is the remainder when 518379 is divided by 212?
39
What is the remainder when 507953 is divided by 345?
113
What is the remainder when 1803233 is divided by 94?
31
Calculate the remainder when 4095782 is divided by 15753.
2
Calculate the remainder when 647772 is divided by 43180.
72
What is the remainder when 41402 is divided by 7259?
5107
What is the remainder when 792641 is divided by 102?
101
What is the remainder when 1894027 is divided by 621?
598
Calculate the remainder when 7522091 is divided by 376079.
511
What is the remainder when 903067 is divided by 33428?
511
What is the remainder when 3587856 is divided by 119593?
66
What is the remainder when 41332512 is divided by 44?
12
Calculate the remainder when 52486557 is divided by 10.
7
What is the remainder when 7220602 is divided by 7220592?
10
What is the remainder when 1652614 is divided by 13?
2
What is the remainder when 3505594 is divided by 3505587?
7
What is the remainder when 419802 is divided by 34?
4
Calculate the remainder when 1388442 is divided by 43388.
26
What is the remainder when 37414502 is divided by 1969184?
6
What is the remainder when 456200 is divided by 4?
0
Calculate the remainder when 7141720 is divided by 21.
19
Calculate the remainder when 13134458 is divided by 33.
29
What is the remainder when 34431 is divided by 33816?
615
What is the remainder when 329571 is divided by 18?
9
What is the remainder when 603993 is divided by 75481?
145
Calculate the remainder when 119302039 is divided by 143.
142
What is the remainder when 37476038 is divided by 352?
6
Calculate the remainder when 50856973 is divided by 10.
3
Calculate the remainder when 2734386 is divided by 911455.
21
What is the remainder when 18907717 is divided by 40?
37
Calculate the remainder when 33491 is divided by 5530.
311
Calculate the remainder when 67527 is divided by 33758.
11
Calculate the remainder when 53732426 is divided by 208.
202
Calculate the remainder when 17200504 is divided by 1422.
1414
Calculate the remainder when 123399 is divided by 123271.
128
Calculate the remainder when 1304323 is divided by 641.
529
Calculate the remainder when 18081 is divided by 455.
336
What is the remainder when 30576 is divided by 5621?
2471
What is the remainder when 13098598 is divided by 62?
44
Calculate the remainder when 7651371 is divided by 11089.
11050
Calculate the remainder when 873355 is divided by 48518.
31
What is the remainder when 6767448 is divided by 253?
204
Calculate the remainder when 1133860254 is divided by 4738.
4736
Calculate the remainder when 8524495 is divided by 4262230.
35
Calculate the remainder when 20580237 is divided by 462.
447
What is the remainder when 156697199 is divided by 3600?
3599
What is the remainder when 357019 is divided by 29?
0
Calculate the remainder when 10106910 is divided by 1263355.
70
What is the remainder when 4528179 is divided by 24?
3
Calculate the remainder when 21592 is divided by 314.
240
What is the remainder when 600028 is divided by 814?
110
Calculate the remainder when 10364992 is divided by 10364955.
37
What is the remainder when 334840294 is divided by 173?
5
What is the remainder when 1336291 is divided by 166925?
891
Calculate the remainder when 549940 is divided by 61103.
13
Calculate the remainder when 547037 is divided by 546448.
589
Calculate the remainder when 213326 is divided by 3171.
869
Calculate the remainder when 1764626 is divided by 44.
6
What is the remainder when 1461102 is divided by 443?
88
What is the remainder when 2260059 is divided by 322845?
144
Calculate the remainder when 237121 is divided by 118227.
667
Calculate the remainder when 178845 is divided by 9928.
141
Calculate the remainder when 6770692 is divided by 2256887.
31
What is the remainder when 3025968 is divided by 46?
42
Calculate the remainder when 157216234 is divided by 78608109.
16
Calculate the remainder when 6383446 is divided by 761.
178
What is the remainder when 4636 is divided by 4002?
634
Calculate the remainder when 94826 is divided by 3132.
866
Calculate the remainder when 7878612 is divided by 2584.
2580
What is the remainder when 10550217 is divided by 10233?
10227
What is the remainder when 15424942 is divided by 23?
15
Calculate the remainder when 1424157 is divided by 314.
167
Calculate the remainder when 2748661 is divided by 2084.
1949
What is the remainder when 42440198 is divided by 10?
8
Calculate the remainder when 6736976 is divided by 518220.
116
What is the remainder when 40067 is divided by 13294?
185
Calculate the remainder when 1960514 is divided by 51591.
56
Calculate the remainder when 57186 is divided by 14017.
1118
Calculate the remainder when 48908838 is divided by 1630292.
78
Calculate the remainder when 5361687 is divided by 184881.
138
Calculate the remainder when 702618029 is divided by 58.
55
Calculate the remainder when 4361917 is divided by 19.
11
Calculate the remainder when 1016046 is divided by 50800.
46
Calculate the remainder when 35716 is divided by 2725.
291
Calculate the remainder when 53425322 is divided by 35736.
2
What is the remainder when 752857 is divided by 2035?
1942
Calculate the remainder when 50015148 is divided by 9622.
9614
What is the remainder when 45756978 is divided by 72058?
148
What is the remainder when 3625844 is divided by 80?
4
Calculate the remainder when 6806408 is divided by 1134400.
8
Calculate the remainder when 158638 is divided by 323.
45
What is the remainder when 448907064 is divided by 1971?
1959
Calculate the remainder when 3149532 is divided by 7463.
146
What is the remainder when 395789 is divided by 963?
959
What is the remainder when 1371177 is divided by 171394?
25
What is the remainder when 6947243 is divided by 735?
23
What is the remainder when 484494 is divided by 5260?
574
Calculate the remainder when 6324960 is divided by 3162421.
118
What is the remainder when 333659 is divided by 164873?
3913
What is the remainder when 967743 is divided by 32?
31
Calculate the remainder when 63753 is divided by 3537.
87
Calculate the remainder when 9493485 is divided by 597.
588
Calculate the remainder when 22859 is divided by 708.
203
What is the remainder when 2267433 is divided by 113371?
13
What is the remainder when 78136390 is divided by 479?
473
What is the remainder when 1608198 is divided by 759?
636
What is the remainder when 23736958 is divided by 1440?
1438
Calculate the remainder when 77980 is divided by 1948.
60
Calculate the remainder when 5509038 is divided by 367268.
18
Calculate the remainder when 1420468839 is divided by 28.
27
What is the remainder when 1316669 is divided by 69298?
7
What is the remainder when 856045 is divided by 4324?
4217
What is the remainder when 126164 is divided by 9701?
51
What is the remainder when 117280 is divided by 116999?
281
Calculate the remainder when 271984 is divided by 33996.
16
Calculate the remainder when 9632032 is divided by 963202.
12
What is the remainder when 3490774 is divided by 4045?
3984
What is the remainder when 89982 is divided by 44787?
408
Calculate the remainder when 1952151 is divided by 4.
3
What is the remainder when 1578883 is divided by 1606?
185
What is the remainder when 285730 is divided by 17858?
2
What is the remainder when 2804750 is divided by 2804710?
40
Calculate the remainder when 342649 is divided by 1757.
34
What is the remainder when 6285088 is divided by 273262?
62
What is the remainder when 37378223 is divided by 106?
79
What is the remainder when 49066 is divided by 65?
56
What is the remainder when 8059950 is divided by 797?
686
What is the remainder when 51203 is divided by 6111?
2315
What is the remainder when 8859487 is divided by 1772?
1259
What is the remainder when 195745011 is divided by 58?
57
Calculate the remainder when 36932103 is divided by 37.
35
Calculate the remainder when 481047 is divided by 45.
42
Calculate the remainder when 501383 is divided by 4498.
2105
Calculate the remainder when 25874689 is divided by 223.
222
What is the remainder when 585072 is divided by 135?
117
Calculate the remainder when 1775943 is divided by 2699.
1
Calculate the remainder when 691463 is div